e q(-6). Suppose 5*d = -2*f + r, 4*f - 3*d = u - 36. Calculate the remainder when 46 is divided by f.
14
Suppose 2*u = -7 + 21. Let r(w) = 15*w - w**2 - w - 9 - 4*w. What is the remainder when 23 is divided by r(u)?
11
Suppose -3*w - 2*w = -25. Let u(m) = 2*m**2 - 7*m - 1. What is the remainder when (8/(-5) - -2) + 3945/75 is divided by u(w)?
11
Let o(a) = 5*a**3 - a**2 + 1. Let t(b) = b**2 - 8*b + 1. Let n be t(8). Let i be o(n). Suppose v = i*v - 36. Calculate the remainder when v is divided by 6.
3
Suppose 8*a - 4*a = 12. What is the remainder when 22 is divided by a?
1
Suppose -5*a + 3*a = 3*x - 300, 493 = 5*x + a. What is the remainder when x is divided by 20?
18
Let i(z) = -z**3 - 12*z**2 - 8*z - 11. What is the remainder when i(-12) is divided by 22?
19
Let r(b) = 9*b**2 - b + 5. Let n be r(-7). Calculate the remainder when n/12 + 3/12 is divided by 13.
12
Let w(p) = 3*p**3 - p**2 + 4*p - 5. Calculate the remainder when w(3) is divided by ((-30)/18)/((-2)/24).
19
Let d(i) = -2*i**3 - 4*i**2 - 3*i. Let o(z) = z**2 + 2*z + 2. Suppose 3*w - w = -8. What is the remainder when o(w) is divided by d(-2)?
4
Let n be 2*(-10 - (1 - 1)). What is the remainder when -46*(-2)/4*2 is divided by (-324)/n - 2/10?
14
Let f be (3 + 0)/(2/6). Suppose -t = -2*t - f. Calculate the remainder when 1/(-3) - 327/t is divided by 19.
17
Suppose 7*h - 295 = 2*h. Let n be (-6)/(-4) - (-291)/6. Let p = n - 30. Calculate the remainder when h is divided by p.
19
Let f = 8 + 2. Calculate the remainder when f is divided by ((-64)/(-56))/(2/7).
2
Suppose -5*q + 13 = -2*w - 32, 69 = 4*q + 5*w. Let o(n) = -n**3 + 10*n**2 + 9*n - 5. Let t be o(q). What is the remainder when 6/9*3 - t is divided by 16?
13
Suppose -j + 31 = 4*q, 0 = 5*j + 6 + 19. Suppose q*o + 261 = 12*o. What is the remainder when o is divided by 22?
21
Let p = 114 - 108. Calculate the remainder when 28 is divided by p.
4
What is the remainder when 23 is divided by 1*15 + (-9 - -7)?
10
Let y = -8 - -11. Suppose 6*r = 5*u + y*r - 43, 0 = 2*u - 4*r - 6. What is the remainder when u is divided by 6?
5
Let l(n) = -2*n**3 + 4*n**2 + 2*n - 2. Calculate the remainder when l(-2) is divided by (-2)/(-8) + 110/8.
12
Let h be 10/(2 - 2/2). Let k = 27 + -17. What is the remainder when 5 is divided by (-2)/h + 22/k?
1
Calculate the remainder when 103 is divided by ((-200)/(-60))/(4/42).
33
Let w(q) = q + 2. Let m be 1/(-4) - (-9)/4. Let o be w(m). Suppose -36 = -o*s + 2*u, -25 = -2*s - 4*u + 13. Calculate the remainder when s is divided by 6.
5
Suppose 3*a + 6 = 0, -3*y - 3*a = -0*y - 99. Let w = -26 + 44. What is the remainder when y is divided by w?
17
Calculate the remainder when 1 + 2 - 3/(-3) is divided by 3.
1
Suppose f - 1 = 1. Suppose -j - x - 5 = -6, -4*j = f*x - 14. Suppose 2*b - b = 2*h + 5, 3*h = j. What is the remainder when 17 is divided by b?
8
Let h be (-2)/11 - (-186)/(-66). What is the remainder when 50 is divided by 18 - h/((-6)/2)?
16
Let v = -2 - -17. Calculate the remainder when v is divided by 6.
3
Let p(o) = o**2 + 2*o - 1. Let z be p(1). Suppose z*w - 42 = -w. What is the remainder when 53 is divided by w?
11
Let l(r) = r**3 + r - 2. Let p be l(0). Calculate the remainder when p/10 + (-408)/(-15) is divided by 10.
7
Let y(p) be the second derivative of -p**4/12 - 5*p**3/2 - 11*p**2/2 - 2*p. What is the remainder when y(-11) is divided by 12?
9
Let x be ((-6)/(-5))/((-2)/10). What is the remainder when 38 is divided by x/39 + (-396)/(-39)?
8
Let w = 6 + 10. Suppose 0*j - 12 = 5*a - 2*j, 3*a + 5*j + 1 = 0. Calculate the remainder when 15 is divided by 1*w*a/(-4).
7
Suppose 2*y = 7*y - 40. What is the remainder when 22 is divided by y?
6
Let x(w) be the second derivative of -w**4/12 - 2*w**3 - w**2/2 + 2*w. Calculate the remainder when x(-7) is divided by 12.
10
Let i = -41 + 57. Suppose -4*x = 5*w - 214, 0 = 4*w - 3*x - x - 200. What is the remainder when w is divided by i?
14
Let k(f) = f**3 + f**2 + f. Let b(y) = -4*y**3 - 5*y**2 + 2*y + 6. Let p(i) = b(i) + 3*k(i). Calculate the remainder when p(-4) is divided by 5.
3
Let s(i) = i**2 - 3 + 4*i**3 + 8 - 5*i**3. Let l be s(0). Suppose 3*g = -l*d + 5, 2*d + 5 = -g - d. Calculate the remainder when 29 is divided by g.
9
Let h(a) = 13*a. Let p be h(-4). Let y = -16 - p. Calculate the remainder when y is divided by 2 + 16 + 1/1.
17
Let f = -7 + 12. Suppose -o + 1 = -f. Calculate the remainder when 11 is divided by o.
5
Suppose v = 3*v - 18. Suppose 0 = -5*p + 4*p + v. Let r = -41 - -65. What is the remainder when r is divided by p?
6
Suppose 9*t - 20 = 4*t. Suppose r + 33 = t*r. What is the remainder when 31 is divided by r?
9
Suppose 0 = 4*f - f + 6. Suppose -6 = -2*j, -2*j - 4 = -g + 7. Let z = g + f. What is the remainder when 29 is divided by z?
14
Let i(q) = 2*q + 2. Let f(r) = r**3 + 4*r**2 + 8 + 0*r**3 + 4*r**2 + 7*r. Let l be f(-7). What is the remainder when i(l) is divided by 10?
8
Let q = -38 + 79. Suppose -3*m + 7 - 4 = 0. Let d(r) = 14*r**2 - r + 1. What is the remainder when q is divided by d(m)?
13
Let v(h) = h**2 - 6*h - 3. Let r be v(7). Suppose i - 2 - r = 0. Let s = -58 + 68. Calculate the remainder when s is divided by i.
4
Let q be (1 - (-1 - -2))/(-1). Suppose -y + 4 = u, 2*u - 20 = -q*u + 2*y. Let w = -33 + 52. Calculate the remainder when w is divided by u.
5
Let o = -3 + 5. What is the remainder when 59 is divided by (-1)/(2/(-80)*o)?
19
Suppose 8*q - 3*q = 75. Let h = q + -11. Calculate the remainder when h is divided by 3.
1
Calculate the remainder when 71 is divided by 19 + 1 - (2 + 0).
17
Suppose 116 = 3*c + 20. What is the remainder when c is divided by 11?
10
Let h = -33 + 64. Let m = -6 + h. Calculate the remainder when m is divided by (-4 + -1)*18/(-10).
7
Let j(q) = q**3 - 7*q**2 + q - 3. Let t be j(7). Let l(b) = -b**3 + 4*b**2 + 4. What is the remainder when 5 is divided by l(t)?
1
Let f(u) = 17*u + 11. Calculate the remainder when f(3) is divided by 9.
8
Suppose 432 = 3*t - 3*k, 2*t - t + 2*k - 153 = 0. What is the remainder when t is divided by 37?
36
Let w(i) = -i**2 + 3*i + 6. Let g be w(5). Calculate the remainder when -1*g/((-12)/(-87)) is divided by 10.
9
Suppose -5*j + 225 = 40. What is the remainder when j is divided by 10?
7
Suppose 4 = -2*i + 24. What is the remainder when 48 is divided by i?
8
Let q = -2 - -4. Suppose q*l - 6 = c + 4*l, 5*c + 30 = l. Calculate the remainder when 9/c + (-50)/(-4) is divided by 6.
5
Let w = 634 + -429. Suppose 10*z = 5*z + w. Calculate the remainder when z is divided by 14.
13
Let t = 17 + -11. What is the remainder when 15 is divided by t?
3
Let w = 114 - 47. What is the remainder when w is divided by 35?
32
Suppose -13*r = -18*r + 185. What is the remainder when r is divided by 18 + (3 - (3 + -1))?
18
Suppose -2*g = -7*g + 545. What is the remainder when g is divided by 22?
21
Suppose 3*i + 36 = 3*y, -2*y + 3*y - 5*i = 8. Calculate the remainder when 51 is divided by y.
12
Calculate the remainder when -1*(-4 - (-56)/(-1)) is divided by 21.
18
Suppose 7*b + 304 = 15*b. What is the remainder when b is divided by 14?
10
Let q = 7 + -5. Suppose 5*o = q*o + 75. What is the remainder when o is divided by 13?
12
Suppose -h + 5*u - 29 = 0, 6*h + u = h - 15. Let g be h/(-6)*(0 - 12). Calculate the remainder when 8 is divided by ((-10)/g)/((-2)/(-8)).
3
Suppose -3*r = 5*m - 0*r - 589, -2*r - 242 = -2*m. Calculate the remainder when m is divided by 10.
9
Let d = 22 - 3. Suppose 0 = -2*k - 38 + 146. What is the remainder when k is divided by d?
16
Calculate the remainder when 46 is divided by 26*(3/(-18) + 6/9).
7
Suppose -2*h - 3*h + 14 = -2*z, h - 7 = -z. Suppose 3*k - 4*k = -4*g + 33, -2*k - 38 = -4*g. What is the remainder when g is divided by h?
3
Suppose 11*h = 10*h + 52. Calculate the remainder when h is divided by 11.
8
Let j be (8/(-14))/(4/(-14)). Let w be -3 + (-5)/(5/j). Let y = 28 + w. Calculate the remainder when y is divided by 12.
11
Let q(a) = -a**3 - 3*a**2 + 4*a - 3. Let s be q(-4). Let b(p) = p**2 + 2*p + 2. Let h = -28 + 47. Calculate the remainder when h is divided by b(s).
4
Let b = -39 - -71. Calculate the remainder when b is divided by (-2 + 0)*(-44)/8.
10
Suppose 152 = 7*y - 3*y. What is the remainder when y is divided by 10?
8
Let x = 83 - 48. Calculat